 96 and d.
6
Suppose a + 2*a - 49 = m, -4*a + 4*m + 60 = 0. Suppose 0 = 3*u + a - 5. Let k be ((-2)/u)/((-2)/(-120)). What is the highest common divisor of 330 and k?
30
Suppose 5*z = -68 + 63. Let s(l) = 3*l**2 + 2*l. Let p be s(z). What is the highest common factor of p and 7?
1
Let m(r) = 160*r - 16. Let o be m(5). What is the highest common factor of o and 49?
49
Let d = 314 - 265. What is the highest common factor of 539 and d?
49
Let i(l) = -l**2 - 4. Let q be i(0). Let w be q/(-12) + 11/3. Suppose -4 - 4 = -2*x. What is the greatest common factor of x and w?
4
Let u(m) = -m - 10. Let a be u(-5). Let o = 35 - a. What is the greatest common divisor of 50 and o?
10
Suppose -4*j = 22 - 2, -5*j = 5*v. Suppose 71 = v*p - 89. What is the highest common factor of 4 and p?
4
Let t(w) = w**3 + 17*w**2 + 28*w - 17. Let p be t(-13). What is the highest common factor of 5 and p?
5
Suppose 0 = 3*p + 16 - 52. Let h(q) = 5*q - 31. Let d be h(p). Suppose 3*j + 86 = m - 71, -j - 584 = -4*m. What is the highest common factor of m and d?
29
Suppose 29*g = 21*g + 112. What is the greatest common factor of 378 and g?
14
Let f(b) = 4 - b**3 + 2*b**2 - b**2 + 4*b**2 - 4*b. Let h be f(3). Let r be 2/(-4) - 1288/(-16). Calculate the greatest common divisor of h and r.
10
Suppose -3*r - 4 = 2*o - 14, -o + 4 = r. Suppose 2*a = 8 + 8. Suppose -3*m = -2*v + 6*v + 5, -a = -4*m + 2*v. What is the greatest common factor of m and r?
1
Suppose 4*y = -n + 2*n - 27, 2*n - 3*y = 34. Let c = -21 - -54. What is the greatest common divisor of n and c?
11
Suppose 23*i - 3724 = 9*i. Let q be (2 + (2 - 2))*2. Suppose -5*t + q*t + 38 = 0. Calculate the highest common divisor of t and i.
38
Let n(c) = -c + 25. Let p be n(9). Let w = -14 + p. Suppose -z + 3*z = w*s - 40, 0 = s - 2*z - 25. What is the highest common divisor of 75 and s?
15
Suppose 0 = -3*z + 5*y + 19, -3*z + 18 = -3*y + 3. Let o(g) = 2*g - 13. Let n be o(11). What is the greatest common factor of n and z?
3
Let d(y) = y**3 + 2*y**2 + 2. Let p be d(-2). Suppose 56 = 5*c - 4*r, 0*c - 5*r - 4 = p*c. Calculate the greatest common divisor of 2 and c.
2
Suppose 10 = 5*f - 2*v, 5*f + 0*f = 3*v + 5. Suppose -34*m = -166 - 38. Calculate the greatest common factor of m and f.
2
Suppose -2*o + 3*w + 998 = -373, 3*o - 2049 = 3*w. What is the greatest common divisor of o and 6?
6
Let t be (-2)/((-5)/(125/10)) + -2. What is the highest common factor of t and 69?
3
Let b(x) = 5*x**2 - 6*x + 18. Let h be b(6). What is the greatest common factor of h and 6?
6
Let m be (168/140)/(1/15). Let k(r) be the first derivative of r**3/3 - r**2 - 6*r + 1. Let y be k(6). What is the highest common divisor of m and y?
18
Suppose 3*m = -2*m + 10. Suppose -4*z = -2*t - 160, -m*z = t + 3*t - 80. Calculate the greatest common divisor of z and 15.
5
Let i be (-2)/9 - (2 + 168/(-27)). Suppose 0 = -i*y - 2*x + 96, -y - 2*x + 72 = 2*y. What is the greatest common divisor of 60 and y?
12
Suppose 41 + 439 = 3*j. Suppose 2*x = -2*x + j. Suppose 168 + x = 2*v. Calculate the highest common divisor of v and 13.
13
Let v = 75 - -90. Let q = -74 + v. Calculate the highest common factor of 13 and q.
13
Let z(c) = 9*c. Let r be z(1). Suppose -6*q + 36 = -2*q. What is the greatest common factor of r and q?
9
Let x be (7/((-28)/8))/2. Let k be (-42545)/(-469) + (10/(-14) - x). What is the highest common factor of k and 7?
7
Let b be -50*2*1/(-1). Calculate the highest common factor of b and 28.
4
Suppose -120 - 120 = -15*y. Suppose -4*v = -v - 24. Calculate the highest common divisor of v and y.
8
Suppose -4*o + 7*o = 0. Suppose 4*f + 2*c - 36 = o, -3*c - 36 = -4*f + 2*c. What is the greatest common factor of f and 36?
9
Suppose 186 = 4*f - 6. What is the highest common factor of 18 and f?
6
Let h(p) = p**2 + 7*p + 19. Let a be h(-8). Let y be (-2)/(-5) - 88/(-5). What is the greatest common factor of a and y?
9
Let v be 51 + -5 - (-54)/(-6). Calculate the greatest common factor of 703 and v.
37
Let h = 38 - 28. Suppose 6*y = 26*y - 800. What is the highest common factor of h and y?
10
Let c = 26 + -15. Let n = 26 - 13. Let u = n - c. Calculate the highest common factor of 8 and u.
2
Suppose a = s - 6*s + 347, 0 = -5*s + 4*a + 362. Let z = -7 - -1. Let o = 16 + z. What is the highest common divisor of o and s?
10
Suppose 0 = 5*w - 40 - 280. Suppose 3 = -3*i, -2*i = 4*d - 4*i - 14. Let k = d - -5. What is the greatest common factor of w and k?
8
Let y(d) = d**3 + 24*d**2 + 2*d + 54. Let l be y(-24). Let i be -10*27/l*-1. What is the highest common divisor of 9 and i?
9
Let z(t) = t**3 - 5*t**2 + 6*t + 4. Let k be z(3). Let r = 10 - k. Calculate the highest common divisor of r and 30.
6
Suppose -5*i - 2*q - 3*q + 330 = 0, -5*i = q - 322. What is the greatest common divisor of 4 and i?
4
Suppose -558 = -12*n - 174. What is the highest common divisor of n and 2?
2
Suppose -51 = 5*l - 1. Let d = 21 + l. What is the highest common divisor of d and 11?
11
Suppose 0 = -2*t - 4 - 6, -51 = -2*h - 3*t. Calculate the greatest common factor of 3 and h.
3
Let r = 97 - 94. Suppose g - w = 55, r*g + w - 308 + 123 = 0. Calculate the highest common divisor of 24 and g.
12
Suppose -3*d = -2*d - 5. Let f be (-4)/(-5)*d/2. Suppose r = -f*r + 3. Calculate the highest common divisor of r and 9.
1
Let q(h) = -5*h. Let z be q(-1). Suppose l + 30 = -z*l. Let r be (l - -3)*-13 - 0. What is the greatest common divisor of r and 26?
26
Let s = -2689 + 2851. Calculate the greatest common divisor of 6 and s.
6
Suppose 3*y = 0, -2*q + 9*y + 46 = 5*y. Calculate the greatest common divisor of 23 and q.
23
Let m be (-110)/(-12) - (-2 - (-78)/36). What is the highest common factor of m and 9?
9
Suppose -45*u = -46*u + 40. Calculate the greatest common factor of u and 272.
8
Let j = -22 - -27. Suppose j*c + 1100 = 4*f + 10*c, 3*f - 2*c - 802 = 0. Calculate the greatest common factor of f and 10.
10
Suppose -6*w + 2*w + 2*p + 280 = 0, 2*w - 3*p - 148 = 0. Suppose 36 = -w*s + 72*s. What is the highest common divisor of s and 9?
9
Let o = 681 - 671. What is the highest common divisor of o and 695?
5
Let x(q) be the second derivative of q**4/6 + 10*q**3/3 + 5*q**2 + 14*q. Let f be x(-12). What is the greatest common divisor of 87 and f?
29
Let l be (-4)/(-8) - 146/(-4). Let c = l - -32. Suppose v - c = 11. What is the highest common divisor of v and 16?
16
Let l = 108 + 215. Calculate the greatest common factor of 38 and l.
19
Let h(z) = -7*z - 2*z + 8*z + 27. Let x be h(-13). What is the highest common factor of x and 16?
8
Suppose -41*k + 19857 - 13 = 0. What is the greatest common divisor of 363 and k?
121
Suppose -2*w - 290 = -7*w. Let u = 48 - -40. Let s = u - w. Calculate the greatest common factor of s and 75.
15
Let y = 1441 - 1182. Calculate the highest common factor of y and 148.
37
Let u be (10/2*3)/((-3)/(-5)). Suppose u*i = 29*i - 108. Calculate the greatest common factor of 3 and i.
3
Let m = -8 + 188. Calculate the greatest common factor of m and 108.
36
Let c be (2/(-3))/((-10)/(-465)). Let q = c + 37. Let u be (-18)/10*90/(-27). Calculate the highest common factor of u and q.
6
Suppose -2*p + 27 = -3*c - 65, c + 32 = p. Let g be 3/7 + (-408)/c. What is the highest common factor of g and 5?
5
Let s = -820 - -834. Calculate the highest common divisor of 4 and s.
2
Suppose -19*s - 348 = -23*s. What is the highest common factor of s and 3?
3
Let y be (-6)/(-21) - (-275)/(-7). Let a = y - -42. Calculate the greatest common factor of 12 and a.
3
Let q(m) = -2. Let z(s) = -s + 5. Let j(i) = 5*q(i) + 2*z(i). Let r be j(2). Let y be r/((-16)/(-12)) - -179. Calculate the highest common factor of 16 and y.
16
Suppose 4*r + 5*d = 14 + 29, -2*r + 49 = -3*d. Let f = -10 + r. Suppose 37 = 3*v + 3*w + 4, -f = v - 5*w. Calculate the highest common divisor of 8 and v.
8
Let i(r) = 1 + 26*r - 10 - 10 + 8*r. Let m be i(2). Calculate the greatest common divisor of 28 and m.
7
Let a(n) = -n + 5. Let f be a(2). Suppose -2*u - 33 = -f*m - 0*m, 0 = -2*m + 4*u + 30. Calculate the greatest common divisor of m and 99.
9
Let g(i) = -i**3 + 8*i**2 + 13*i. Let w be g(9). Calculate the highest common divisor of w and 576.
36
Suppose 7*x + 0*x = 14. Let s be 24/(-4) + x + 12. Let u = 78 + -54. Calculate the greatest 